u(q) = 9*q**3 - 81*q**2 + q - 12. Calculate u(9).
-3
Let d(p) = -2*p**2 + 21*p + 13. Give d(7).
62
Let t(o) = -o**3 + 17*o**2 + 18*o - 23. Calculate t(18).
-23
Let n(l) = -l**2 + 16*l + 69. What is n(19)?
12
Let n(d) = 2*d**2 - 7*d + 12. Determine n(6).
42
Let g(x) = -3*x**2 + 15*x - 18. What is g(6)?
-36
Let j(b) = -61*b - 446. Give j(-7).
-19
Let o(u) = -u**2 + 3*u - 1. Determine o(5).
-11
Let s(w) = 8*w**2 + 3*w + 4. What is s(-1)?
9
Let l(o) = -9*o - 8. Give l(-6).
46
Let m(t) = -41*t + 222. Give m(6).
-24
Let v(r) = -2*r**3 + 4*r**2 - 6*r + 3. What is v(2)?
-9
Let q(g) = -47*g + 273. Calculate q(6).
-9
Let z(y) = 4*y + 30. Determine z(-7).
2
Let r(q) = 34*q + 257. Calculate r(-8).
-15
Let j(p) = -6*p - 78. What is j(-11)?
-12
Let t(d) = d**3 - 3*d**2 - 8*d + 9. Give t(4).
-7
Let a(l) = -l**2 + l - 4. Give a(0).
-4
Let a(d) = d - 20. What is a(0)?
-20
Let b(v) = -50*v - 366. Determine b(-7).
-16
Let q(d) = 6*d - 25. What is q(5)?
5
Let x(p) = p**3 - 3*p**2 - 2*p + 4. Calculate x(3).
-2
Let v(g) = 2*g**2 - 8*g + 6. What is v(5)?
16
Let p(t) = 5*t - 6. What is p(4)?
14
Let j(t) = 16*t + 10. Calculate j(-1).
-6
Let w(a) = 79*a - 484. Calculate w(6).
-10
Let c(i) = -i**3 - 10*i**2 + i + 28. Calculate c(-10).
18
Let p(r) = -10*r - 132. Determine p(-9).
-42
Let a(c) = -c**3 + 9*c**2 - 11*c + 5. Calculate a(8).
-19
Let a(n) = -12*n - 9. Determine a(0).
-9
Let x(l) = -24*l + 7. Give x(2).
-41
Let z(c) = c**2 - 9*c - 19. Give z(12).
17
Let h(v) = -v**2 - 7*v - 4. Calculate h(-6).
2
Let p(r) = -r**2 - 10*r. Give p(-10).
0
Let m(b) = -8*b + 1. What is m(2)?
-15
Let m(r) = -r**2 - 16*r + 138. Give m(-22).
6
Let a(x) = -x**2 - 9*x + 3. What is a(-10)?
-7
Let i(x) = -4*x + 17. Calculate i(7).
-11
Let t(x) = -7*x + 16. Calculate t(8).
-40
Let m(i) = -5*i - 20. Determine m(-4).
0
Let r(j) = -j**2 + 13*j + 11. What is r(14)?
-3
Let a(d) = -3*d - 6. Give a(-3).
3
Let v(k) = 13*k + 74. Give v(-9).
-43
Let i(g) = g - 1. Determine i(2).
1
Let u(l) = -l. What is u(-7)?
7
Let f(k) = -k**3 - 10*k**2 + 11*k - 9. Calculate f(-11).
-9
Let f(q) = 4*q + 7. Give f(-3).
-5
Let c(u) = -16*u - 179. Determine c(-11).
-3
Let q(c) = -c**2 - 12*c - 3. Calculate q(-8).
29
Let r(z) = -2*z**3 + 23*z**2 - 10*z - 9. What is r(11)?
2
Let o(t) = -t**2 + t + 10. Calculate o(0).
10
Let b(j) = j**3 - 8*j**2 - 5*j - 16. Calculate b(9).
20
Let i(k) = k**3 + 18*k**2 + 2*k + 9. Determine i(-18).
-27
Let a(y) = -26*y**3 + y**2 - y. Determine a(1).
-26
Let c(b) = -8*b - 5. Calculate c(-4).
27
Let y(c) = -c**3 + 9*c**2 - 18*c + 2. What is y(3)?
2
Let t(w) = 109*w + 321. What is t(-3)?
-6
Let w(p) = -p**2 + p + 2. Calculate w(-9).
-88
Let j(g) = g**3 - 34*g**2 + 28*g + 164. Calculate j(33).
-1
Let x(h) = -4*h - 10. Calculate x(3).
-22
Let b(a) = -18*a**3 - a. Determine b(1).
-19
Let a(t) = 3*t + 2. Give a(-4).
-10
Let w(f) = -f**2 + 10*f - 11. Determine w(8).
5
Let r(c) = c**3 - 6*c**2 - 4*c. Calculate r(7).
21
Let j(k) = -8*k - 4. What is j(9)?
-76
Let i(y) = -y**3 - 4*y**2 - 3*y - 4. Calculate i(-2).
-6
Let o(q) = 71*q + 145. Calculate o(-2).
3
Let k(h) = -h**2 - 6*h - 19. Calculate k(-8).
-35
Let l(k) = -k**2 - 28*k - 20. What is l(-28)?
-20
Let i(l) = l - 7. What is i(7)?
0
Let i(b) = 9*b - 24. Give i(8).
48
Let c(p) = -8*p**2 - 2*p - 1. Calculate c(-1).
-7
Let a(n) = -n**3 - 2*n**2. Calculate a(-1).
-1
Let z(w) = w**2 - w - 7. Calculate z(-5).
23
Let x(o) = -o**3 + 12*o**2 + 29*o - 18. Determine x(14).
-4
Let z(j) = 2*j + 42. Give z(-14).
14
Let s(y) = -19*y + 2. Determine s(-2).
40
Let p(d) = -d**3 - 9*d**2 - 10*d + 6. Determine p(-8).
22
Let q(t) = -13*t + 31. Give q(-9).
148
Let q(o) = -4*o**3 - 2*o**2 + 6*o + 11. Determine q(-2).
23
Let h(j) = j**2 - 2*j - 7. Determine h(-3).
8
Let a(h) = h**3 - 8*h**2 - 9*h - 1. What is a(8)?
-73
Let p(z) = z**2 - 2*z + 1. What is p(3)?
4
Let x(a) = 12*a - 12. Determine x(-3).
-48
Let y(v) = -v - 42. Calculate y(-43).
1
Let f(v) = -3*v + 15. Determine f(6).
-3
Let a(s) = 3*s**3 - 3*s + 1. What is a(-2)?
-17
Let n(q) = -2*q**2 - 14*q + 24. Determine n(-8).
8
Let y(k) = 4*k**2 - 33*k - 22. What is y(9)?
5
Let d(h) = 36*h**3 + 2*h**2 + 3*h + 1. Determine d(-1).
-36
Let i(b) = 31*b - 247. What is i(8)?
1
Let r(w) = 10*w + 16. Determine r(-5).
-34
Let n(v) = -19*v + 41. Calculate n(4).
-35
Let v(k) = k**2 + 12*k + 16. Calculate v(-8).
-16
Let x(j) = j**3 + 6*j**2 + 7*j - 9. Give x(-4).
-5
Let z(i) = -i**3 + i**2 + 2. Give z(2).
-2
Let r(q) = -q**2 - 17*q - 18. Determine r(-15).
12
Let z(q) = 4*q + 3. Determine z(3).
15
Let d(k) = k**2 - 6*k - 36. Determine d(10).
4
Let u(i) = -i**3 - 19*i**2 - 20*i + 24. What is u(-18)?
60
Let u(l) = l**3 + 9*l**2 + 12*l + 3. Calculate u(-8).
-29
Let r(z) = 3*z**3 - 1. Calculate r(1).
2
Let k(o) = -o**3 - 6*o**2 - 6*o - 1. Calculate k(-3).
-10
Let v(m) = 5*m + 27. Determine v(-4).
7
Let f(b) = -2*b**3 - 32*b**2 + 2*b + 38. Give f(-16).
6
Let s(i) = 2*i**2 - 10*i - 3. What is s(5)?
-3
Let v(g) = g**2 + g - 6. Calculate v(-4).
6
Let o(t) = -t**2 - 2*t + 18. Calculate o(-6).
-6
Let c(i) = -15*i + 104. Determine c(6).
14
Let q(j) = 7*j - 15. What is q(11)?
62
Let o(m) = m**2 - 11*m - 13. Give o(12).
-1
Let z(a) = -3*a + 4. Calculate z(-3).
13
Let q(y) = -18*y + 18. What is q(-2)?
54
Let s(t) = -4*t + 4. What is s(2)?
-4
Let b(l) = l**3 - 5*l**2 - 11*l + 10. Calculate b(7).
31
Let u(c) = -c**2 + 5*c. Determine u(6).
-6
Let w(o) = 12*o**2 - 7*o + 4. Give w(1).
9
Let k(z) = -6*z**2 - 242*z - 81. Determine k(-40).
-1
Let p(w) = 2*w**2 - 6*w - 31. Calculate p(10).
109
Let o(d) = -d**2 + 6*d - 3. Give o(3).
6
Let w(t) = t**3 + 7*t**2 - 6*t. Determine w(-8).
-16
Let x(v) = -4*v - 10. Determine x(-4).
6
Let m(i) = i - 13. Give m(0).
-13
Let q(j) = 2*j**2 - j + 6. What is q(4)?
34
Let a(b) = -8*b + 82. Give a(9).
10
Let s(o) = o**3 + 5*o + 9. What is s(5)?
159
Let v(d) = -6*d + 70. Give v(12).
-2
Let v(k) = k**2 - 15*k - 7. Calculate v(15).
-7
Let x(n) = -n**3 + 7*n**2 + 60*n - 1. What is x(12)?
-1
Let k(t) = -t**3 + 3*t**2 - 7*t + 9. Determine k(2).
-1
Let c(b) = -10*b + 17. Determine c(3).
-13
Let b(y) = -3*y**3 + 27*y**2 + y - 11. Calculate b(9).
-2
Let f(b) = b**2 - 9*b - 8. Determine f(8).
-16
Let r(k) = k + 10. Determine r(-12).
-2
Let w(c) = 12*c**2 + c + 3. What is w(2)?
53
Let r(t) = -t**3 + 2*t**2 - 3*t + 9. Determine r(0).
9
Let p(b) = -b**2 + 14*b - 9. Give p(11).
24
Let c(d) = -d**3 - 3*d**2 - d - 7. What is c(3)?
-64
Let y(n) = -n**2 + 3*n + 12. What is y(-6)?
-42
Let k(t) = -t**3 + 9*t**2 + 15*t - 21. Calculate k(10).
29
Let v(j) = j**3 + 17*j**2 - 23*j - 71. Calculate v(-18).
19
Let j(o) = -o**3 + 8*o**2 + 2*o - 7. What is j(8)?
9
Let q(a) = 11*a**2 + 14*a + 10. Determine q(-4).
130
Let g(r) = -23*r - 2. Give g(1).
-25
Let p(t) = 6*t**2 + 2. Give p(-2).
26
Let s(f) = -f**3 + 2*f**2 + f + 5. Calculate s(3).
-1
Let j(y) = -4*y + 25. What is j(6)?
1
Let h(i) = -2*i**2 - 25*i + 6. Calculate h(-12).
18
Let x(o) = -2*o. Give x(-2).
4
Let a(b) = -8*b**2 + 4*b - 2. Calculate a(1).
-6
Let u(z) = -14*z - 28. Calculate u(-3).
14
Let p(y) = -y**3 + 2*y**2 + 21*y - 5. Determine p(6).
-23
Let f(v) = -21*v + 84. Calculate f(4).
0
Let k(s) = s**2 - 39. Give k(0).
-39
Let h(r) = r**2 - 6*r + 7. Determine h(3).
-2
Let p(n) = 15*n - 44. What is p(6)?
46
Let t(x) = -23*x - 136. Give t(-6).
2
Let x(s) = -s**2 + 4*s - 2. What is x(5)?
-7
Let v(a) = 3*a - 14. What is v(16)?
34
Let y(w) = -9*w**2 + 1. Determine y(1).
-8
Let k(m) = m**3 + 2*m**2 - 2*m + 3. Calculate k(-4).
-21
Let n(b) = -b**2 - 8*b - 8. What is n(-7)?
-1
Let r(s) = 9*s + 371. Give r(-41).
2
Let o(z) = -z**2 + z - 8. Determine o(4).
-20
Let q(l) = l**3 + l**2 - 6*l - 4. What is q(-4)?
-28
Let v(h) = 2*h**3 + h**2 - 5*h. Give v(-4).
-92
Let n(s) = -s**3 - 5*s**2 - s - 9. Give n(-4).
-21
Let s(r) = -r**2 - 26*r + 25. Calculate s(-27).
-2
Let d(j) = -j - 2. What is d(3)?
-5
Let i(o) = -2*o**3 + 28*o**2 + 31*o - 28. Calculate i(15).
-13
Let q(w) = -75*w + 596. Give q(8).
-4
Let b(z) = -5*z + 1. Determine b(3).
-14
Let j(w) = 11*w**2 + 4*w - 7. Give j(3).
104
Let m(o) = -3*o - 4. What is m(-5)?
11
Let x(b) = b**3 - 7*b**2 + 8*b - 9. Determine x(7).
47
Let c(w) = 3*w**2 + 24*w - 4. Give c(-8).
-4
Let h(v) = -v**3 - 23*v**2 + 27*v + 56. Determine h(-24).
-16
Let m(x) = x**2 - 4*